36 and 44004?
12
Calculate the greatest common divisor of 27129228 and 1931876.
11852
What is the highest common divisor of 1778 and 48422306?
254
Calculate the greatest common divisor of 3832094 and 147.
49
What is the greatest common factor of 8281 and 1704365?
169
Calculate the greatest common divisor of 2248132 and 2394388.
1108
Calculate the greatest common factor of 363804 and 33978.
42
Calculate the highest common divisor of 707725791 and 9.
9
Calculate the highest common factor of 4301805 and 173892.
1011
Calculate the greatest common divisor of 22014538 and 84071.
377
What is the greatest common factor of 38720 and 8720?
80
What is the highest common factor of 950794 and 78?
26
Calculate the greatest common factor of 114074433 and 297.
297
Calculate the highest common factor of 122625600 and 50.
50
What is the greatest common factor of 3417708527 and 449?
449
What is the greatest common factor of 47173 and 98322010?
6739
Calculate the highest common factor of 12987 and 2150847.
999
Calculate the highest common factor of 2814 and 2708274.
402
What is the greatest common divisor of 448 and 20224736?
224
Calculate the greatest common divisor of 593562679 and 27892.
6973
What is the highest common divisor of 1392443375 and 125?
125
What is the greatest common factor of 4709381 and 10363?
241
Calculate the highest common divisor of 1258 and 1419942.
34
Calculate the greatest common factor of 482671 and 404611.
1301
Calculate the greatest common factor of 1167241422 and 5946.
5946
Calculate the highest common factor of 65178 and 43552962.
1278
Calculate the greatest common factor of 2283498 and 162.
54
Calculate the highest common factor of 12337 and 10410062.
169
What is the greatest common divisor of 64516232 and 830?
166
Calculate the highest common factor of 205 and 1336165.
5
What is the greatest common factor of 621411 and 6990?
699
Calculate the greatest common factor of 25 and 290231575.
25
What is the highest common divisor of 156044 and 5712325?
5573
Calculate the greatest common factor of 204 and 679908.
12
Calculate the greatest common factor of 654404988 and 12.
12
Calculate the highest common factor of 15264 and 66951720.
3816
What is the greatest common divisor of 70155 and 17955?
45
Calculate the greatest common factor of 24189363 and 9.
9
What is the greatest common divisor of 25323 and 21084150?
1101
What is the greatest common factor of 38 and 6268746?
38
Calculate the highest common divisor of 114958 and 19694.
458
What is the greatest common factor of 21338570 and 14960?
1870
What is the highest common divisor of 23 and 73905509?
23
Calculate the greatest common divisor of 13088115 and 670.
335
Calculate the highest common divisor of 16549 and 6318013.
247
Calculate the highest common divisor of 2814 and 9774492.
42
What is the greatest common factor of 6 and 1336341486?
6
What is the highest common divisor of 190902375 and 750?
375
What is the greatest common divisor of 23 and 106675104?
23
Calculate the greatest common factor of 4218 and 192252.
222
What is the highest common divisor of 3255 and 9489999?
93
What is the greatest common divisor of 7093805 and 1817?
79
Calculate the highest common factor of 1775 and 1008550.
25
What is the greatest common factor of 99493562 and 122?
122
Calculate the greatest common divisor of 2496 and 463953984.
2496
What is the highest common factor of 11115 and 1139955?
15
What is the highest common factor of 1259962902 and 18?
18
What is the greatest common factor of 26 and 20066423?
13
What is the greatest common divisor of 962 and 10941862?
74
Calculate the highest common divisor of 411491358 and 374.
34
Calculate the greatest common divisor of 3680 and 2379925.
115
Calculate the highest common factor of 13039027 and 3.
1
What is the highest common factor of 252 and 11860227?
9
Calculate the greatest common divisor of 524 and 3447527.
131
Calculate the greatest common divisor of 1255480 and 16.
8
Calculate the greatest common factor of 250411 and 119.
7
Calculate the highest common factor of 3562 and 246876877.
1781
What is the greatest common factor of 28618 and 4022?
2
What is the highest common divisor of 7645346 and 582?
194
Calculate the greatest common divisor of 8222007 and 5271.
753
Calculate the greatest common factor of 827167707 and 81.
81
What is the greatest common factor of 359 and 95191363?
359
Calculate the greatest common factor of 3950012 and 42372.
4708
What is the greatest common factor of 2788 and 248251?
17
What is the highest common divisor of 2684 and 104257052?
244
Calculate the highest common factor of 11596 and 201732044.
892
What is the greatest common factor of 6697 and 179857?
37
What is the greatest common divisor of 2420552 and 19124?
2732
What is the greatest common divisor of 197045913 and 71408?
4463
Calculate the greatest common factor of 8729 and 102815150.
1247
What is the highest common factor of 159942 and 15770?
38
Calculate the greatest common factor of 2299147679 and 67.
67
What is the highest common factor of 1384 and 30744576?
8
Calculate the greatest common factor of 638 and 9501580.
22
What is the greatest common factor of 22 and 872817?
11
Calculate the greatest common divisor of 15328995 and 6039.
2013
Calculate the highest common divisor of 19200 and 12107700.
300
What is the greatest common factor of 49980 and 23441640?
1020
What is the highest common divisor of 20313173 and 233?
233
What is the greatest common factor of 182 and 1123101?
7
What is the greatest common divisor of 18492600 and 24605?
1295
What is the greatest common divisor of 35397 and 6535335?
1311
Calculate the highest common factor of 1652 and 12701992.
236
What is the greatest common divisor of 591360 and 242319?
231
Calculate the highest common factor of 404781102 and 1935.
387
What is the highest common divisor of 254898 and 349776?
126
What is the highest common divisor of 200 and 1729825?
25
What is the highest common divisor of 4641 and 18947019?
273
What is the greatest common factor of 75654 and 1170?
18
What is the greatest common divisor of 654 and 87654?
6
What is the highest common divisor of 1528 and 270296?
8
Calculate the greatest common divisor of 1426 and 1162922251.
713
What is the greatest common divisor of 34880714 and 1221?
407
What is the highest common factor of 132 and 108708512?
44
What is the greatest common factor of 21755 and 2800899?
229
Calculate the highest common divisor of 212 and 530371.
53
Calculate the greatest common divisor of 17131697 and 77.
11
What is the greatest common divisor of 206148700 and 200?
100
Calculate the highest common divisor of 32729634 and 486.
18
Calculate the greatest common divisor of 93236807 and 2481.
827
What is the greatest common factor of 12744 and 2646?
54
What is the greatest common divisor of 17009 and 67744?
73
What is the highest common divisor of 642013706 and 218?
218
What is the highest common factor of 185842722 and 11712?
366
Calculate the greatest common divisor of 4873365 and 3056.
191
What is the greatest common factor of 27344025 and 1325?
1325
What is the greatest common divisor of 92399 and 1?
1
Calculate the greatest common factor of 278345 and 1555.
1555
What is the greatest common factor of 370333 and 3?
1
Calculate the highest common divisor of 593 and 17574741.
593
What is the greatest common divisor of 1675 and 3982078?
67
Calculate the highest common factor of 20218 and 1698818.
22
Calculate the greatest common factor of 27674 and 523614.
274
What is the highest common factor of 9750 and 13003302?
78
What is the highest common factor of 3397 and 33466770?
79
Calculate the greatest common factor of 14630 and 1522090.
190
Calculate the greatest common divisor of 2 and 84261082.
2
What is the highest common factor of 1453535 and 70?
5
Calculate the greatest common divisor of 42735238 and 2730.
182
What is the greatest common divisor of 3920056 and 1183?
7
What is the greatest common factor of 1216 and 6260044?
76
What is the greatest common factor of 545628 and 1506?
6
What is the highest common divisor of 10 and 1321126?
2
What is the highest common factor of 19773 and 2025?
9
Calculate the greatest common factor of 43516839 and 77193.
2859
What is the greatest common divi